e the highest common divisor of 335 and 278653.
67
What is the highest common divisor of 4072468 and 22648?
596
Calculate the highest common factor of 36 and 7246593.
9
Calculate the greatest common divisor of 28526 and 2646.
2
Calculate the highest common divisor of 5495 and 426883.
157
What is the highest common factor of 78192 and 7536?
48
What is the greatest common factor of 393297912 and 567?
63
What is the highest common factor of 2730 and 229367320?
910
Calculate the greatest common divisor of 6279 and 58331.
91
What is the greatest common factor of 10869 and 54468182?
3623
Calculate the greatest common factor of 14700 and 657300.
2100
What is the greatest common factor of 21224 and 371224?
56
Calculate the highest common divisor of 4 and 35807484.
4
What is the highest common divisor of 222 and 55122674?
74
Calculate the greatest common divisor of 1853830 and 2650.
10
Calculate the highest common factor of 106253 and 9888151.
301
Calculate the highest common divisor of 1987076 and 1092.
364
What is the greatest common divisor of 1141144510 and 55?
55
Calculate the greatest common factor of 1556492 and 28.
28
Calculate the greatest common factor of 2122004365 and 130.
65
What is the highest common factor of 84045923 and 10855?
2171
Calculate the highest common divisor of 46641498 and 11106.
3702
What is the highest common divisor of 61633259 and 2335?
467
What is the highest common factor of 2221220 and 152622?
278
Calculate the greatest common divisor of 17536080 and 2790.
930
Calculate the greatest common divisor of 618778 and 33818.
914
What is the highest common factor of 57114 and 74983?
167
What is the greatest common factor of 13374485 and 25?
5
Calculate the greatest common divisor of 26 and 139177.
1
Calculate the highest common divisor of 571607504 and 416.
208
Calculate the greatest common divisor of 86802 and 12036.
102
Calculate the highest common factor of 783 and 432651.
87
What is the greatest common divisor of 265 and 555281?
53
What is the highest common divisor of 31959 and 39527253?
603
What is the highest common divisor of 462788820 and 40?
20
Calculate the greatest common factor of 910 and 37453130.
130
What is the greatest common factor of 619899429 and 657?
219
What is the greatest common factor of 26 and 2362438?
26
What is the greatest common factor of 36 and 21701332?
4
Calculate the greatest common divisor of 18 and 101762538.
6
What is the highest common divisor of 973490 and 2135?
35
Calculate the highest common factor of 6 and 69247970.
2
What is the greatest common factor of 143416 and 54496?
104
What is the greatest common divisor of 3 and 517316091?
3
What is the highest common factor of 1926315 and 361?
19
Calculate the greatest common factor of 18998 and 489244.
14
What is the greatest common divisor of 3243738 and 1563?
3
What is the greatest common factor of 81725 and 168525?
175
Calculate the highest common factor of 7439037 and 9.
3
Calculate the greatest common divisor of 56 and 150963488.
8
What is the greatest common divisor of 10 and 188366?
2
What is the highest common divisor of 5790036 and 154?
14
Calculate the highest common factor of 768829 and 249.
83
What is the greatest common divisor of 38207345 and 11935?
1705
What is the greatest common divisor of 7199112 and 424?
8
What is the greatest common divisor of 26836722 and 639?
639
Calculate the greatest common divisor of 4141 and 3454783.
41
What is the greatest common factor of 15247557 and 4332?
1083
What is the highest common factor of 138060 and 81380?
260
Calculate the highest common factor of 731011339 and 2546.
1273
What is the greatest common divisor of 158579347 and 1041?
347
Calculate the highest common divisor of 15753 and 34423776.
267
Calculate the highest common divisor of 8657211 and 472864.
2111
What is the highest common divisor of 10070 and 372172?
38
Calculate the highest common factor of 32 and 86458608.
16
What is the highest common factor of 257 and 28469689?
257
Calculate the greatest common divisor of 1093742 and 15655341.
9269
What is the greatest common divisor of 3309373 and 12614?
901
What is the greatest common factor of 33220 and 38230180?
3020
Calculate the highest common factor of 249678 and 496782.
2574
What is the greatest common factor of 25727848 and 14152?
488
What is the highest common factor of 13507 and 451612779?
1039
What is the highest common factor of 270 and 13623810?
30
What is the highest common divisor of 21796398 and 10689?
1527
What is the highest common factor of 19428840 and 5916?
348
What is the highest common factor of 100 and 243778225?
25
Calculate the highest common divisor of 51900 and 400668.
2076
Calculate the greatest common factor of 391327 and 45663.
491
What is the highest common divisor of 1720649 and 1232989?
659
What is the greatest common factor of 22725857 and 14399?
847
What is the greatest common divisor of 200 and 48194920?
40
What is the greatest common divisor of 102656 and 4064?
32
Calculate the highest common divisor of 1419 and 483510705.
129
What is the greatest common divisor of 2918828 and 132?
44
Calculate the greatest common divisor of 10 and 81229865.
5
What is the greatest common factor of 27904 and 28669616?
1744
What is the highest common divisor of 2911 and 36651253?
41
Calculate the greatest common divisor of 881753 and 228507.
1291
Calculate the highest common divisor of 44764 and 3813604.
1444
What is the highest common divisor of 44465824 and 32?
32
What is the greatest common divisor of 87058818 and 828?
414
Calculate the greatest common divisor of 174723 and 12570.
1257
Calculate the greatest common factor of 131177011 and 3115.
623
What is the highest common factor of 47115 and 35100?
135
What is the greatest common divisor of 110327170 and 470070?
17410
What is the highest common divisor of 4760547 and 165?
33
What is the highest common divisor of 1010952 and 1062?
18
Calculate the highest common divisor of 302709 and 61611.
33
Calculate the greatest common divisor of 28 and 306394676.
28
Calculate the highest common factor of 44887305 and 60.
15
Calculate the highest common divisor of 11684 and 90127455.
2921
Calculate the highest common divisor of 7104 and 1848768.
192
What is the highest common divisor of 60571 and 38913?
119
What is the greatest common divisor of 71022 and 126406?
14
Calculate the highest common divisor of 33087 and 5075223.
807
Calculate the highest common factor of 25 and 979360.
5
Calculate the greatest common divisor of 23231 and 9568.
13
What is the highest common divisor of 174 and 15171553?
29
Calculate the highest common divisor of 328612647 and 484.
121
Calculate the greatest common factor of 151194603 and 9.
3
Calculate the greatest common factor of 506 and 1794644.
46
What is the greatest common divisor of 672075 and 5515800?
2175
What is the greatest common divisor of 31744 and 20956?
124
What is the greatest common divisor of 85 and 70189090?
85
Calculate the greatest common divisor of 69560 and 87172.
148
What is the highest common factor of 1723319 and 26?
13
What is the greatest common divisor of 544427952 and 2136?
2136
What is the greatest common divisor of 58436 and 10044731?
2087
Calculate the highest common factor of 6156 and 857604.
12
Calculate the highest common factor of 5224196 and 176776.
4652
What is the highest common divisor of 319635 and 486?
9
What is the greatest common factor of 107239891 and 3124?
781
Calculate the highest common factor of 103502 and 994.
14
What is the highest common divisor of 160 and 1372520?
40
What is the highest common divisor of 208941 and 71273?
271
What is the highest common factor of 6 and 8203947?
3
What is the highest common factor of 1247394 and 54102?
762
What is the greatest common divisor of 6708 and 569793?
129
What is the highest common divisor of 312831471 and 6234?
3117
Calculate the highest common divisor of 387952126 and 502.
502
Calculate the greatest common factor of 321388 and 16.
4
What is the greatest common divisor of 1659 and 8092770?
21
What is the greatest common divisor of 495 and 7234560?
45
What is the highest common divisor of 2478242 and 182?
26
What is the highest common divisor of 3970037 and 5834?
2917
Calculate the greatest com